{"id":671,"date":"2019-11-27T11:49:15","date_gmt":"2019-11-27T14:49:15","guid":{"rendered":"http:\/\/vitralesartesanales.com.ar\/producto\/import-placeholder-for-5826\/"},"modified":"2023-03-18T22:24:59","modified_gmt":"2023-03-19T01:24:59","slug":"cortavidrio-mango-con-apendice-sujecion-autolub-consultar","status":"publish","type":"product","link":"https:\/\/vitralesartesanales.com.ar\/?product=cortavidrio-mango-con-apendice-sujecion-autolub-consultar","title":{"rendered":"Cortavidrio Mango Con Ap\u00e9ndice Sujeci\u00f3n, Autolub."},"content":{"rendered":"<p>Cortavidrio mango con apendice sujeci\u00f3n<\/p>\n<p> cabezal fino<\/p>\n","protected":false},"excerpt":{"rendered":"<p>Origen: China<\/p>\n","protected":false},"featured_media":4046,"template":"","meta":[],"product_brand":[],"product_cat":[67],"product_tag":[],"class_list":{"0":"post-671","1":"product","2":"type-product","3":"status-publish","4":"has-post-thumbnail","6":"product_cat-cortavidrios","8":"first","9":"instock","10":"shipping-taxable","11":"product-type-simple"},"_links":{"self":[{"href":"https:\/\/vitralesartesanales.com.ar\/index.php?rest_route=\/wp\/v2\/product\/671","targetHints":{"allow":["GET"]}}],"collection":[{"href":"https:\/\/vitralesartesanales.com.ar\/index.php?rest_route=\/wp\/v2\/product"}],"about":[{"href":"https:\/\/vitralesartesanales.com.ar\/index.php?rest_route=\/wp\/v2\/types\/product"}],"wp:featuredmedia":[{"embeddable":true,"href":"https:\/\/vitralesartesanales.com.ar\/index.php?rest_route=\/wp\/v2\/media\/4046"}],"wp:attachment":[{"href":"https:\/\/vitralesartesanales.com.ar\/index.php?rest_route=%2Fwp%2Fv2%2Fmedia&parent=671"}],"wp:term":[{"taxonomy":"product_brand","embeddable":true,"href":"https:\/\/vitralesartesanales.com.ar\/index.php?rest_route=%2Fwp%2Fv2%2Fproduct_brand&post=671"},{"taxonomy":"product_cat","embeddable":true,"href":"https:\/\/vitralesartesanales.com.ar\/index.php?rest_route=%2Fwp%2Fv2%2Fproduct_cat&post=671"},{"taxonomy":"product_tag","embeddable":true,"href":"https:\/\/vitralesartesanales.com.ar\/index.php?rest_route=%2Fwp%2Fv2%2Fproduct_tag&post=671"}],"curies":[{"name":"wp","href":"https:\/\/api.w.org\/{rel}","templated":true}]}}